 n(d). Suppose x - 2*x = -15. Calculate the greatest common factor of x and f.
15
Suppose -4*j - 5*o = 25 - 3, 3*o + 18 = -3*j. Let x = j - -13. Let k be (-3 - -30) + (-40 - (-252)/9). What is the highest common factor of x and k?
5
Suppose 0 = b - 4*j - 106, -37*b + 39*b - 4*j = 236. Calculate the greatest common divisor of 40 and b.
10
Let f(y) = -y**3 + 76*y**2 - 3*y + 232. Let l be f(76). Calculate the highest common factor of 17 and l.
1
Suppose -2*x + 5*x + 18*x - 462 = 0. Let q be (33/2)/((-1)/(-4)). What is the highest common divisor of x and q?
22
Let s be (-731404)/(-36) - (11/165)/(15/(-50)). Calculate the highest common divisor of 11 and s.
11
Let r(t) be the first derivative of -t**4/4 - 2*t**3 + 8*t**2 + 11*t - 1. Let b = -34 - -26. Let n be r(b). Calculate the highest common factor of n and 11.
11
Let q be (-86112)/(-1242) + 1/(-3). What is the greatest common divisor of 40917 and q?
69
Let b be ((-36)/(-7)*133/(-19))/(-3). What is the highest common divisor of 268 and b?
4
Let i(p) = -11*p - 100. Let x be i(-10). Let o be 25 + 997 - x/(-2). What is the greatest common factor of o and 79?
79
Let q be ((-6)/3 - 1) + -3. Let v be 180/(-50)*20/q. Let d(o) = o**3 + 60*o**2 - 125*o - 56. Let z be d(-62). What is the greatest common divisor of v and z?
6
Let d(j) be the third derivative of j**5/60 - 59*j**3/6 - 44*j**2 + 4. Let h be d(-10). What is the highest common factor of h and 205?
41
Let f(y) = 2*y**3 - 41*y**2 - 20*y - 14. Let x be f(21). Let q be x/(-6*(-3)/18). What is the greatest common factor of q and 91?
7
Let d be (-386)/12 + 10/60. Let i be (1 - d)*(-1 + -2 - -4). Suppose x + 0*x + o - 18 = 0, -x + i = -4*o. Calculate the greatest common divisor of 168 and x.
21
Suppose 6*r = r + 25. Suppose -4 = -b + r. Let i = -874 - -919. Calculate the greatest common divisor of i and b.
9
Let z(c) = c**3 - 40*c**2 + 38*c + 113. Let k be z(39). Calculate the greatest common factor of k and 1406.
74
Let s be (12/(-18) - -2)*9. Suppose 213 = -s*w + 1473. What is the greatest common factor of 525 and w?
105
Let i(v) = 116*v**2 - 636*v - 18. Let r be i(6). Calculate the greatest common divisor of r and 360.
18
Suppose 461750*x + 1320 = 461772*x. Let j = -583 + 835. What is the greatest common divisor of x and j?
12
Let i(v) = 3095*v**3 + 3*v**2 - 3*v + 1. Let c be i(1). Calculate the highest common factor of 8 and c.
8
Suppose 0 = -2*q + q + 1, 5*u + 2*q - 27 = 0. Suppose -u*s + 344 + 111 = 0. Let o = -55 + s. Calculate the highest common factor of 252 and o.
36
Suppose -9*k - 37*k + 1840 = 0. Let g be 130/k*(331 + -3). What is the greatest common factor of g and 82?
82
Let o be 4 + -27 + (1 - 1). Suppose 82 + 555 = -13*n. Let x = o - n. What is the greatest common factor of 52 and x?
26
Suppose -87*l + 4680 = -47*l. What is the greatest common factor of l and 2691?
117
Let l = 3 + 1. Suppose -v = t - 142 - 35, -5*t = -5*v + 835. Calculate the greatest common factor of v and l.
4
Suppose 4*o = -8, 3*o = 5*g - 7*g - 30. Let z be 2*2/(-2) - 9. Let k = z - g. Calculate the greatest common divisor of k and 3.
1
Let y(p) = -362*p - 47. Let t be y(-1). Calculate the highest common factor of 63 and t.
63
Suppose -5*f - 408 = -39*f. What is the greatest common factor of 12 and f?
12
Suppose 25*s = 1652 - 102. What is the greatest common divisor of s and 30907?
31
Let m(o) = -o. Let x(w) = 94. Let t(v) = -4*m(v) + x(v). Let n be t(-21). Calculate the highest common factor of 2 and n.
2
Suppose -9*b = -7*b + 6. Let v be (13 - 1)*(-27)/b. Calculate the highest common divisor of 27 and v.
27
Let u be 664/(-6) - (-2)/(-6). Let v = 206 + u. Suppose 24*c + 24*l = 26*l + 896, 2*l + 22 = c. Calculate the highest common divisor of c and v.
19
Suppose -716 = -14*y + 1020. Suppose -y = -4*t - 4*f, 3*f = 5*t - 7*t + 65. Calculate the greatest common factor of t and 7.
7
Suppose -1 = -p, 103*x - 102*x = -3*p + 67. Let y(f) = 33*f**2 - 2*f + 1. Let h be y(1). Calculate the greatest common factor of h and x.
32
Suppose 1 = -2*o + 5. Suppose 0 = 5*b - o*v - 1780 + 517, 2*b - v = 506. Let i = b - 125. What is the highest common factor of 18 and i?
18
Let o = -1381 - -1441. Let t = 30 + 240. Calculate the greatest common divisor of t and o.
30
Suppose 6045 = 104*v + 117. Let x(r) = -r**3 - 4*r**2 + 4*r - 2. Let d be x(3). Let y = d + v. What is the greatest common factor of 2 and y?
2
Let i be (0 - -48)*-1 - 0. Let f = 50 + i. Suppose y + 4*r + 19 = 4*y, 0 = y + f*r - 3. Calculate the greatest common divisor of y and 15.
5
Let s = -48 - -41. Let t = 15 + s. What is the greatest common factor of t and 20?
4
Suppose 0 = -34*u + 254 - 50. Let x = 35 - 19. Suppose -3*t - r + 482 = -u*r, 0 = 4*r + x. What is the greatest common factor of t and 22?
22
Suppose 84*a - 76*a - 152 = 0. Suppose -a*p + 1215 - 18 = 0. Let y = -4 - -11. What is the highest common divisor of y and p?
7
Let l(u) = 483*u + 8289. Let i be l(-17). Calculate the greatest common divisor of 5265 and i.
39
Suppose -119*u + 792813 = 65*u + 28477. Calculate the greatest common divisor of 186 and u.
62
Let t be 92/5 - 42/105. Calculate the highest common factor of t and 1053.
9
Suppose -4*w = -h + 10 - 28, w - 3 = h. Let x(u) = -28*u + 58. Let s be x(h). Calculate the greatest common divisor of s and 94.
2
Let k(j) = j**3 + 5*j**2 - 7*j + 4. Let w = 27 - 33. Let y be k(w). Let x be (-1)/((-3)/18)*120/y. What is the highest common divisor of 9 and x?
9
Suppose 0*x = -4*x + 308. Let t(b) = -3*b**3 + 16 - 8*b - 89*b**2 + b**3 + 79*b**2 + b**3. Let y be t(-9). What is the greatest common factor of x and y?
7
Suppose -3*f + 689 = -i, 297*f - 295*f - 466 = 4*i. What is the highest common divisor of f and 7099?
229
Let v = -85 - -67. Let s = v + 22. Calculate the greatest common divisor of 4 and s.
4
Let g(s) be the first derivative of 5*s**2 + 8*s + 14. Let r be g(6). Calculate the greatest common factor of r and 544.
68
Let u = -5263 - -5271. What is the highest common divisor of 776 and u?
8
Let c be (-605)/(-6 + 1) - 9. Let t(m) = m**3 - 7*m**2 + 8*m - 15. Let z be t(6). Let j be ((-5)/10)/(z/48). What is the greatest common divisor of c and j?
8
Let x(z) = -z**2 + 19*z - 18. Let t be x(17). Let o = t + -18. Let u be 3/(95/(-48) - o). What is the greatest common divisor of u and 18?
18
Let y = 14552 - 8308. What is the highest common divisor of y and 84?
28
Let g = -136 - -246. Suppose -o - o = -g. Let z be (50/6)/(0 + (-25)/(-30)). What is the highest common factor of z and o?
5
Let c be (-3 + 1)/((-8)/16). Let z = c - -17. Let x be (3/(-1))/((-3)/14). What is the greatest common factor of z and x?
7
Let y = -51940 + 52120. Let t(p) = 4*p**3 - 4*p + 4. Let k be t(3). What is the greatest common divisor of y and k?
20
Let g = -26966 - -27910. Calculate the highest common factor of 24 and g.
8
Let u be (-2)/(-7) - ((-476)/49 - -10). Suppose 14*s - 79 - 621 = u. What is the highest common factor of 20 and s?
10
Suppose t - 9 = -57. Let z(p) = 3*p**3 - 48*p**2 + 2*p + 41. Let q be z(16). Let j = q + t. Calculate the highest common divisor of 250 and j.
25
Suppose 2*v - 143 = k - 4*k, -3*v = 5*k - 240. Let c be -4*8239/(-88) - (-1)/(-2). Calculate the greatest common divisor of c and k.
17
Let m be (5 + -1)/((-4)/(-6)). Let a = -1477 + 1450. Let l be (a/m)/((-1)/2). Calculate the highest common factor of 1 and l.
1
Suppose -20*k = 1509 - 4129. Let y = k + -23. Calculate the highest common divisor of y and 48.
12
Suppose -15168*h + 15152*h + 85792 = 0. Calculate the greatest common factor of 14 and h.
14
Let s = 15 - -10. Suppose 55*p = 60*p - s. Suppose 3*t + 5*x - 90 = 0, 2*t - 5*x = -2*x + 79. What is the greatest common divisor of t and p?
5
Suppose 5*b + t - 4*t - 4 = 0, -t = 2*b + 5. Let p be (0 + b + -5)*(-35)/10. Calculate the highest common divisor of p and 9.
3
Let h(c) = 3*c**2 + 58*c - 816. Let v be h(10). Calculate the highest common divisor of 2704 and v.
16
Suppose -7*m + 15992 = k - 9*m, -3*k - 4*m + 48016 = 0. Calculate the greatest common divisor of k and 125.
125
Let k = -20129 - -20329. Calculate the greatest common divisor of k and 2760.
40
Suppose -3*l + 199 = d, 119*l - 118*l = -d + 193. Calculate the highest common factor of 1482 and d.
38
Suppose -160 = 6*y - 196. Let m be (-20400)/(